{"id":1795,"date":"2014-10-04T20:37:38","date_gmt":"2014-10-04T19:37:38","guid":{"rendered":"http:\/\/www.collages-minotti.com\/index.php\/?page_id=1795"},"modified":"2014-10-19T19:24:40","modified_gmt":"2014-10-19T17:24:40","slug":"infos-techniques","status":"publish","type":"page","link":"https:\/\/www.collages-minotti.com\/?page_id=1795","title":{"rendered":"Infos techniques"},"content":{"rendered":"<p>Chaque titre peut \u00eatre r\u00e9alis\u00e9 en s\u00e9rie limit\u00e9e \u00e0 5 exemplaires par grandeur et par support.<br \/>\nLes prix d\u00e9pendent du support.<\/p>\n<hr>\n<p>&nbsp;<\/p>\n<h4>Choix<\/h4>\n<p>Toile canevas mont\u00e9e sur ch\u00e2ssis en bois avec fixation et suspension.<br \/>\nCollage acryl 3 ou 4 mm sur plaque Alu Ted, fixation cadre alu au dos.<br \/>\nDevis sur demande par mail, voir notre <a href=\"\/index.php\/?page_id=74\" title=\"Contact\">page de contact<\/a>.<\/p>\n<p>Exemple de commande sp\u00e9ciale&#8239;:<\/p>\n<p><img loading=\"lazy\" decoding=\"async\" src=\"http:\/\/www.collages-minotti.com\/wp-content\/uploads\/HomeAddict.jpg\" alt=\"HomeAddict\" width=\"960\" height=\"960\" class=\"alignnone size-full wp-image-2311\" srcset=\"https:\/\/www.collages-minotti.com\/wp-content\/uploads\/HomeAddict.jpg 960w, https:\/\/www.collages-minotti.com\/wp-content\/uploads\/HomeAddict-150x150.jpg 150w, https:\/\/www.collages-minotti.com\/wp-content\/uploads\/HomeAddict-300x300.jpg 300w, https:\/\/www.collages-minotti.com\/wp-content\/uploads\/HomeAddict-440x440.jpg 440w, https:\/\/www.collages-minotti.com\/wp-content\/uploads\/HomeAddict-109x109.jpg 109w, https:\/\/www.collages-minotti.com\/wp-content\/uploads\/HomeAddict-100x100.jpg 100w\" sizes=\"auto, (max-width: 960px) 100vw, 960px\" \/><\/p>\n","protected":false},"excerpt":{"rendered":"<p>Chaque titre peut \u00eatre r\u00e9alis\u00e9 en s\u00e9rie limit\u00e9e \u00e0 5 exemplaires par grandeur et par support. Les prix d\u00e9pendent du support. &nbsp; Choix Toile canevas mont\u00e9e sur ch\u00e2ssis en bois avec fixation et suspension. Collage acryl 3 ou 4 mm sur plaque Alu Ted, fixation cadre alu au dos. Devis sur demande par mail, voir [&hellip;]<\/p>\n","protected":false},"author":3,"featured_media":0,"parent":0,"menu_order":3,"comment_status":"closed","ping_status":"open","template":"","meta":{"footnotes":""},"class_list":["post-1795","page","type-page","status-publish","hentry"],"_links":{"self":[{"href":"https:\/\/www.collages-minotti.com\/index.php?rest_route=\/wp\/v2\/pages\/1795","targetHints":{"allow":["GET"]}}],"collection":[{"href":"https:\/\/www.collages-minotti.com\/index.php?rest_route=\/wp\/v2\/pages"}],"about":[{"href":"https:\/\/www.collages-minotti.com\/index.php?rest_route=\/wp\/v2\/types\/page"}],"author":[{"embeddable":true,"href":"https:\/\/www.collages-minotti.com\/index.php?rest_route=\/wp\/v2\/users\/3"}],"replies":[{"embeddable":true,"href":"https:\/\/www.collages-minotti.com\/index.php?rest_route=%2Fwp%2Fv2%2Fcomments&post=1795"}],"version-history":[{"count":10,"href":"https:\/\/www.collages-minotti.com\/index.php?rest_route=\/wp\/v2\/pages\/1795\/revisions"}],"predecessor-version":[{"id":2314,"href":"https:\/\/www.collages-minotti.com\/index.php?rest_route=\/wp\/v2\/pages\/1795\/revisions\/2314"}],"wp:attachment":[{"href":"https:\/\/www.collages-minotti.com\/index.php?rest_route=%2Fwp%2Fv2%2Fmedia&parent=1795"}],"curies":[{"name":"wp","href":"https:\/\/api.w.org\/{rel}","templated":true}]}}